t s = -67 - n. What is the units digit of s?
8
Let s(k) = -5*k - 211*k**2 + 215*k**2 + k**3 + 6 + 14*k. Let y be s(7). Suppose y = 2*p + 2*p. What is the units digit of p?
2
Let z be (44 - 1)*5/(-5). Let c = z + 47. Suppose 3*i + 2*t - 20 = -i, c*i - 3*t = 40. What is the units digit of i?
7
Let q(l) = 7*l**2 - 4*l + 13. Let r = 49 + -56. Let n = r - -11. What is the tens digit of q(n)?
0
Let t = -10864 + 11361. What is the units digit of t?
7
Let j = -646 - -304. Let f = 641 + j. What is the hundreds digit of f?
2
Let z = 2697 - 2612. What is the units digit of z?
5
Suppose -8*p = -4*p + 8, -178158 = -4*s - p. What is the thousands digit of s?
4
Let s = 80 - 75. Suppose -p - s*z - 37 = 0, 8 = 4*z - 12. Let m = p + 149. What is the units digit of m?
7
Suppose 5*h - k = 47790, -10*h + 3*k = -14*h + 38232. What is the thousands digit of h?
9
Let j(b) = -b**3 + 82*b**2 + 82*b - 319. What is the thousands digit of j(82)?
6
Let c = 47078 - 33286. What is the thousands digit of c?
3
What is the hundreds digit of (-2 - (-2)/3)/((-10)/2236455*13)?
9
Let j be (-4 + 5)/(-1)*-5. Suppose 5*n = -j*f + 865, 0 = 5*f - 2*n - 0*n - 893. What is the hundreds digit of f?
1
Let f(c) = 2*c**3 - 61*c**2 + 106*c - 67. What is the tens digit of f(31)?
8
Let z be 110/275 + -1*(-3897)/(-5). Let c = z + 1542. Let b = c - 513. What is the tens digit of b?
5
Let f(l) = -5*l**2 + 2*l + l - 6*l**3 - 3*l**3 + 10*l**3 - 4. Let y be f(5). Suppose -4*n = k + 16, -y = -k - 3*k - n. What is the units digit of k?
4
Let q = 16 + -14. Let i be q*(4 + -6) - -226. Suppose -d - i = -4*d. What is the tens digit of d?
7
Suppose 0 = 4*j - 5*c - 141313, -3*j + 3*c + 36018 = -69966. What is the ten thousands digit of j?
3
Let p(g) = -1277*g**3 - 2*g**2 + 5*g + 5. Let j = 257 - 258. What is the thousands digit of p(j)?
1
Suppose 3*g + 24752 = 4*g + 6*g. What is the hundreds digit of g?
5
Let z be (3 - (-65)/2)*4. Suppose 4 = -2*u - 3*a, u + 4*a + 6 = -1. Let k = z - u. What is the hundreds digit of k?
1
Suppose -5*z + 3011 = 5*y + 501, -5*z = -y - 2528. Let v = z + 1029. What is the units digit of v?
4
Let l(u) = u**2 - 12*u - 8. Let k be l(13). Suppose -k = -11*c - 555. Let n = c + 153. What is the units digit of n?
3
Suppose 16*w - 18*w = -124. Let j = 394 + w. What is the tens digit of j?
5
Let z(h) = -874*h + 102. What is the hundreds digit of z(-39)?
1
What is the hundreds digit of 3311070/329 + (-48)/1128?
0
Suppose 0 = 2*t + 10, 7*j - 2*j + 35 = 5*t. What is the tens digit of (3/j)/((-1)/692)?
7
Suppose -2*j + 0*b - b - 81 = 0, -2*b = j + 39. Let z = 32 + j. What is the units digit of (z + 8)/(1/4) - -35?
1
Suppose -3*n - r = -160329, 83*r - 160329 = -3*n + 85*r. What is the ten thousands digit of n?
5
Let q(v) = -36*v**2 + v**3 + 2*v + 43*v**2 - 19*v**2 + 17 - 1. What is the hundreds digit of q(15)?
7
Let z = -50 - -55. Suppose 5*n = z*m + 20, 1 = n + 3*m + 13. Suppose g = 2*f + 200, 5*f = 3*g - n*f - 598. What is the units digit of g?
6
Suppose 7 = -12*w + 31. Let b be 1 + 3/((-3)/(-8)). Suppose b = w*r - 3. What is the units digit of r?
6
Let r = 1352 - 682. Let k = 1281 - r. What is the tens digit of k?
1
Suppose -5*t + 855 = -5*a, 3*t = 5*a + 4*t + 879. Let z = 337 + a. What is the hundreds digit of z?
1
Let h(n) be the first derivative of -n**3/3 + 11*n**2 - 26*n + 31. Let d be h(15). Let y = d - 41. What is the tens digit of y?
3
Let c(g) = 7*g**2 - 26*g + 25. Let j(u) = 8*u**2 - 26*u + 28. Let r(s) = 5*c(s) - 4*j(s). What is the units digit of r(11)?
0
Suppose 0 = 149*b - 16*b - 645050. What is the units digit of b?
0
Let w = 1180 + -1. What is the thousands digit of w?
1
Suppose -1240 = -5*k - 295. Suppose 0*i - k = -3*i. Let u = -32 + i. What is the units digit of u?
1
Suppose -4*z - 7*z = -44. Suppose 4*u - z*q = 1884, 4*u - u - q = 1421. What is the tens digit of u?
7
What is the units digit of (-97)/((-291)/145698) + 1*10?
6
Suppose -8*z + 19826 = -24198. What is the units digit of z?
3
Let p(o) = o**2 - 10*o + 28. Let y be p(7). Suppose -y*x = -170 - 19. Suppose x = m - 114. What is the hundreds digit of m?
1
Suppose 0 = 3*s - 2*y - 8, 2*y = -4*s + s - 8. What is the tens digit of (s + 436/10)*85/34?
0
Let f(j) = 4458*j**3 - 7*j**2 + 8*j. What is the hundreds digit of f(1)?
4
Let s be (-1 - 308/8)/(3/18). Let t = s + 974. What is the tens digit of t?
3
What is the thousands digit of 2 + (-36735)/(-10) - (-99)/66?
3
Let p(d) = -179*d**3 - 3*d**2 + d + 35. What is the tens digit of p(-5)?
3
Let y = -70 - -72. Let k be -18*(y/4)/(1/(-1)). Suppose -k*o = -3*o - 324. What is the tens digit of o?
5
Let q(d) = -4*d - 3. Let x(g) = 20*g + 16. Let y(c) = -16*q(c) - 3*x(c). Let r be y(1). What is the units digit of 1 - 60*((-10)/r)/5?
1
Let g(o) = -o - 4. Let m be g(-4). Suppose j = -4*p + 143, m = -p - p + j + 73. What is the units digit of (-24)/p - (112/(-6) - -1)?
7
Suppose -2054*t - 119556 = -2072*t. What is the tens digit of t?
4
Let a(f) = -15 + 11*f - 8*f + 0*f. Let z be a(11). Let d(p) = 4*p**2 - 56*p + 4. What is the units digit of d(z)?
2
Suppose -168*i + 42772 = -131*i. What is the hundreds digit of i?
1
Let p(x) = -7*x**2 + 8*x + 79. Let f be p(-9). Let s = -268 - f. What is the hundreds digit of s?
2
Suppose -w + a + 3*a + 16 = 0, 5*a + 20 = -3*w. Suppose -c - 4*c + 721 = 2*r, 4*c + 4 = w. What is the tens digit of r?
6
Suppose 15*j = -4*j - 23*j + 270564. What is the thousands digit of j?
6
Let c(n) = 6*n + 14. Let w be c(-2). Let s(b) = 328*b**2 + 2*b - 2. What is the units digit of s(w)?
4
What is the hundreds digit of (-8)/(8/5)*(-50916)/10?
4
Let j be (-126)/(-36)*(104 + 0). Suppose -p = -61 - j. What is the hundreds digit of p?
4
Suppose -2*a - c - 8 = c, -3*c = 2*a + 9. Let d(q) be the second derivative of 7*q**4/12 - q**3/6 - 3*q**2 - 9*q + 1. What is the tens digit of d(a)?
6
Suppose -3*z - 3*k - 54 = -2*z, -3*z + 5*k = 92. Let d = 50 + z. Suppose 0 = 2*g - 5*h - 44 + d, -h = 2*g - 15. What is the units digit of g?
9
Let r be 5/70*7 + (-35)/(-10). Suppose 5920 = 4*n + r*h, 5*n - 9518 = 2*h - 2139. What is the tens digit of n?
7
Suppose 616 = 8*t - 3720. Let a = -215 + t. What is the units digit of a?
7
Let l be (-16 - -16)/(-2 + 5). Suppose l = 10*s - 39*s + 17632. What is the tens digit of s?
0
Suppose 0 = 17*x - 898 + 82. Suppose -x = -4*b + 3*l + 45, 0 = -5*l + 25. What is the units digit of b?
7
Suppose 20*p - 129 = -69. Suppose 4*t - p*h - 3896 = 0, -3*t + 2939 = 4*h - 2*h. What is the units digit of t?
7
Let w = -186 - -89. Let i = w - -23. Let j = 130 + i. What is the tens digit of j?
5
Suppose 9*p = 485 + 1144. Suppose 41*l = 40*l + p. What is the hundreds digit of l?
1
Suppose 855 = v - 2*k - 9177, -2*v - 2*k = -20040. Suppose 14*s = -14*s + v. What is the units digit of s?
8
Suppose 5160 + 37806 = 33*f. What is the thousands digit of f?
1
Suppose 2371 + 717 = -2*d. Let l = d - -2709. What is the units digit of l?
5
Let s(n) = 3*n**2 - 5*n - 2. Let f be s(5). Let z = -440 - -405. Let y = f + z. What is the tens digit of y?
1
What is the units digit of 3/((403/76414)/31)?
4
Let f = -5359 - -7304. What is the tens digit of f?
4
Suppose 0 = -2*q - 0*q, 0 = -i - 2*q - 2*q. Suppose 5*v + 458 - 4013 = i. What is the hundreds digit of v?
7
Let f(j) = 2*j**2 - j - 2. Let k be f(2). What is the units digit of (k/12)/(2/240)?
0
Let b be (5 + (-2 - -3))*16/48. Let f be (1/(1*(-1)/b))/(-2). What is the tens digit of 117 + (f - (-6)/(-4))*-2?
1
Suppose -5*b + 2*p - 4*p - 43 = 0, 1 = p. Let m(q) = 13*q**2 - 9*q + 54. What is the hundreds digit of m(b)?
1
Let a(o) = -o**3 + 4*o**2 + 2*o - 1. Let m be a(4). Suppose -9 = -4*v + m. Suppose v*t - 117 = 59. What is the units digit of t?
4
Let i = 199 - 120. Suppose 0 = m + 2*t - i, -20*m - 2*t - 99 = -21*m. What is the units digit of m?
9
Let f(r) = -6*r - 7. Suppose 13*g = -375 + 50. What is the hundreds digit of f(g)?
1
Suppose -3*f + 7 = -23. Suppose f*i - 12*i = 0. Suppose -3*b + 300 - 36 = i. What is the units digit of b?
8
Suppose 0 = 30*m - 131913 - 33957. What is the tens digit of m?
2
Let p(l) = 5*l**2 - 20*l. Let q = 143 + -134. What is the tens digit of p(q)?
2
Suppose 49*j - r = 52*j - 78163, 0 = 5*j + 5*r - 130255. What is the ten thousands digit of j?
2
Let z be (-16)/(-6)*(-12)/8. Let r = -32 - z. L